divided by 105.
60
What is the remainder when (-11 + -641)*(-12)/16 is divided by 82?
79
Suppose -7*v + 10*v = -2*m + 339, 546 = 5*v - 3*m. Calculate the remainder when v is divided by 56.
55
Let a(r) = -r**2 + 3*r. Let z be a(4). What is the remainder when 45 is divided by (z - -1) + 30 + -3?
21
What is the remainder when (72/(-15))/((-57)/2090) is divided by 20?
16
Let z = 88 + -84. Suppose 5*h = z*n - 75 + 348, 5*n = 4*h - 213. What is the remainder when h is divided by 15?
12
Let y = 407 - 332. Calculate the remainder when y is divided by 26.
23
Let p = -501 - -534. Calculate the remainder when 225 is divided by p.
27
Let v(n) = -42*n**3 + n**2 + n - 1. Calculate the remainder when 50 is divided by v(-1).
9
Suppose 0 = -17*v - 7*v + 2256. Calculate the remainder when v is divided by 59.
35
Suppose 2*v - f = 296, 0 = 4*v - 9*v + f + 737. Calculate the remainder when v is divided by -4 + 6 + (22 - (-2 + 1)).
22
What is the remainder when 3/(876/(-126) - -7) is divided by 35?
28
Let a(u) = u + 17. Suppose -l + 3 = 2*t - 3, -4*t = 3*l - 16. Suppose -l*f + f + 30 = 0. What is the remainder when a(0) is divided by f?
7
Calculate the remainder when 915 is divided by (-3 - (-2 - 107)) + (7 - 11).
99
Let y = -910 + 963. What is the remainder when 101 is divided by y?
48
Let k(x) = 17*x - 6. Let s be k(3). Calculate the remainder when 18 is divided by 3/5 + 468/s.
7
Let z(g) = -g**3 - 12*g**2 + 13*g. Let n be z(-13). Let j be 0 - 3/(-3 - n). Let f(l) = 24*l**2 - 1. Calculate the remainder when 91 is divided by f(j).
22
What is the remainder when 88 is divided by 56/14*2*2?
8
Let d = 256 + -246. Calculate the remainder when 106 is divided by d.
6
Let v(l) be the first derivative of 3*l**2 - 4*l - 27. What is the remainder when (74/(-6))/(1/(-3)) is divided by v(4)?
17
Suppose 12*n + 5*z = 9*n + 4959, -4*n - 5*z + 6607 = 0. What is the remainder when n is divided by 33?
31
Suppose -38*g + 52 = -37*g - 4*o, -3*o - 12 = 0. What is the remainder when g is divided by 21?
15
Suppose -2 = -3*g + 10, 3*v + 14 = 5*g. Let n = -10 + 12. Suppose -2*u + v = 0, 3*p = n*u - 3*u + 43. Calculate the remainder when 109 is divided by p.
11
Calculate the remainder when 42 is divided by (4/3)/((-4 - 6)/(-90)).
6
Let h be 8/(-3) - -2 - (-208)/6. Let z = h - 10. What is the remainder when z is divided by 13?
11
Suppose 1 = -3*v + 4*f - 0, -3*v - 7 = -f. Let c(x) = -4*x**3 - 5*x**2 - x + 4. Calculate the remainder when c(v) is divided by 18.
16
Let u be 2/(2*5/(-20)). Calculate the remainder when 58/u*(5 + -7) is divided by 15.
14
Let j = -2808 - -2837. Calculate the remainder when 309 is divided by j.
19
Suppose 12*q - 761 = 7. Calculate the remainder when 509 is divided by q.
61
Let x = 153 - 96. Suppose -3*i - 2*b + 13 = -35, b = 3*i - x. What is the remainder when i is divided by 14?
4
What is the remainder when 31/((-279)/(-3366)) + (-4)/1 is divided by 4?
2
Calculate the remainder when 289 is divided by 3/(-5) + (-64)/10 - -44.
30
Suppose 2*c = 5*w + 1, 2*c + 4*w + 30 = 76. Calculate the remainder when 2922 is divided by c.
10
Let j(m) = m**3 - 7*m**2 - 15*m + 9. Calculate the remainder when 61/3 + (-1)/3 is divided by j(-2).
2
Let m = -1526 + 1544. Calculate the remainder when 117 is divided by m.
9
Let f = 378 - 357. Let l = 11 + 30. Calculate the remainder when l is divided by f.
20
What is the remainder when 152 is divided by (294/105)/((-2)/(-10))?
12
Suppose -6*q + 80 = -76. Calculate the remainder when 89 is divided by q.
11
Suppose 0 = 1074*g - 1061*g - 2158. Calculate the remainder when g is divided by 10.
6
Let a(b) = 7*b**3 - 14*b**2 + 3*b + 1. What is the remainder when a(5) is divided by 16?
13
Let p = 11 - 8. Suppose -42 = -p*q - 3*b, 0 = -q + 3*q + 5*b - 25. What is the remainder when 172/3 - 92/(-138) is divided by q?
13
Suppose 5*r - 71 = 1374. Let d = r - 206. Let q = 33 + -12. What is the remainder when d is divided by q?
20
Let q = 449 + -438. What is the remainder when 43 is divided by q?
10
Let g(v) = -v**2 + 8*v - 9. Let m be g(6). Suppose 2*l = 5*a - 274, -m*a - l + 64 = -96. What is the remainder when a is divided by 1364/99 - (-2)/(-18)*-2?
12
Suppose 2*s + 177 = 3*k, 3*k - 214 = s - 37. Let g = -196 + 227. Calculate the remainder when k is divided by g.
28
Let y = 202 + -129. Calculate the remainder when y is divided by -5 - ((-6)/2 + -39).
36
Let h(z) = -2*z**2 + 10*z - 6. Let k be h(6). Suppose -r - 3*v = -87, -94 = 4*r - 2*v - 498. What is the remainder when r is divided by 58/261 + ((-356)/k - 0)?
19
Let w = -20 + 23. Suppose 0 = t - 4*k - 29, -t = -w*t + 3*k + 48. What is the remainder when 60 is divided by t?
18
Let t = -1027 + 1190. Calculate the remainder when t is divided by 5.
3
Suppose 0 = -6*t + 423 + 75. What is the remainder when 330 is divided by t?
81
Let f(b) = 4*b**3 - b**2 + 8*b + 1. Suppose -5*x + 764 = -346. What is the remainder when x is divided by f(2)?
42
Suppose 363 - 107 = 16*z. Let d(w) = 9*w**2 - 2. What is the remainder when d(4) is divided by z?
14
Suppose 25*t - 26*t = -1796. Calculate the remainder when t is divided by 15.
11
Let b(c) be the second derivative of c**3/6 + 11*c**2/2 - 23*c. Let k(f) = f**3 + 4*f**2 - 8*f - 5. Calculate the remainder when b(5) is divided by k(-5).
6
Let r(f) = 2*f**2 - 21*f + 17. Let p = -60 - -71. Calculate the remainder when 79 is divided by r(p).
23
Let d(o) = 2*o**3 - 76*o**2 - 5*o + 192. Calculate the remainder when 4/(-6) - 51/(-9) is divided by d(38).
1
Let z(r) = 3*r**2 - r + 117. Suppose 16*d = 13*d. What is the remainder when z(d) is divided by 24?
21
What is the remainder when 918 + 7/((-70)/90) is divided by 70?
69
Let g(c) = c + 31. What is the remainder when 8 + ((-4)/8)/((-10)/2300) is divided by g(0)?
30
Let r(b) = b**2 - 4*b - 39. What is the remainder when r(9) is divided by 6?
0
Let j = -32 - -23. Let l be -3 - 1*j/3. Suppose 0*m + m - 6 = l. Calculate the remainder when m is divided by 2.
0
Let x = -67 - -47. Let b = -8 - x. Suppose -b - 2 = -2*s. Calculate the remainder when 18 is divided by s.
4
Suppose -5*y = 4*z - z - 265, y + 384 = 4*z. Let r = -73 + z. What is the remainder when 50 is divided by r?
6
Suppose 39 = 2*x + 31, x = 4*y - 208. What is the remainder when 204 is divided by y?
45
Let f = 1014 + -956. Calculate the remainder when 226 is divided by f.
52
Calculate the remainder when ((-8)/(-12))/((6/1251)/2) is divided by 141.
137
What is the remainder when -3 + (-20)/(-8) + (-1716)/(-8) is divided by 9?
7
Let g be -1*(1 + 0) - -4. Suppose -g*q = -16 + 136. Calculate the remainder when q/15*(-9)/2 is divided by 3.
0
Suppose -3*t = -9 + 15, 3*z + 3*t = 42. What is the remainder when (18 - (-1 - 2))/((-3)/(-9)) is divided by z?
15
Let s(u) = u**2 + 153*u + 2206. Let p(f) = 2*f + 2. Suppose -2*n = -2 - 4. What is the remainder when s(-16) is divided by p(n)?
6
Let b(x) = 23*x**3 - 3*x**2 - x + 3. What is the remainder when b(2) is divided by (-15)/5 + -1 - -39?
33
Let c(g) = g - 11. Let s be c(13). Suppose -6*i = -s*i - 480. Suppose 3*h + t - i = -11, -3*t + 75 = 2*h. Calculate the remainder when h is divided by 20.
16
Let l = -456 + 523. What is the remainder when l is divided by 14?
11
Let i = 14 + -8. Let d(h) = h**2 + 6*h + 29. Calculate the remainder when d(-4) is divided by i.
3
Let n be 28/126 - 230/(-18). Let c = n - 13. Suppose c = m + 2*v - 4, -5*m = 3*v - 17 - 17. Calculate the remainder when 21 is divided by m.
5
Let u be 4*10/(-15)*(-3)/2. Suppose -2*c - 417 = -7*c + 2*n, -3*c - u*n + 245 = 0. What is the remainder when c is divided by 21?
20
Let n(m) = 5*m**2 + 2*m - 1. Suppose 2*l = 6*l - 4. Let z be n(l). Suppose 12 = 3*x - z. Calculate the remainder when x is divided by 2.
0
Suppose -t - 27 = -38. Let y be (-2)/(-3)*1*-3. Calculate the remainder when y/((-1)/43*2) is divided by t.
10
Let f(l) = 7*l**2 + l - 3. Let h be f(1). Suppose h - 14 = -3*d, -69 = -2*u + d. What is the remainder when 143 is divided by u?
35
Suppose 3*i - f = 89, 5*i - f = -0*i + 149. Calculate the remainder when i is divided by 7.
2
Let a be 1/(-3)*-9*13. Let b = 62 - a. What is the remainder when b is divided by 6?
5
Suppose 9 = -3*t, 2*q - 4*t + 8 = -3*q. What is the remainder when 20 is divided by (22/q)/((-8)/((-96)/(-6)))?
9
Let t(f) = f**2 - 45*f + 4